
9
Suppose 4*k = w - 7, -5*w + 0*k + 35 = -2*k. Let a(j) = 4*j + 1 + 24*j**2 - j + 13*j**2 + 0*j. Let o be a(-1). Calculate the greatest common divisor of o and w.
7
Let m = -1 - -4. Let u be (2 - m)*(-6 - -1). Calculate the greatest common factor of 35 and u.
5
Let k(v) = v**3 - 9*v**2 + 2*v + 6. Let u be k(9). What is the highest common factor of u and 84?
12
Let n be (-3)/(0 - (-1)/(-5)). Let s(z) = -6*z**2 + 6*z + 6. Let q be s(-4). Let r = q + 249. What is the highest common factor of r and n?
15
Let k = 11 + -9. Suppose 0 = -2*b - 8, -84 = -w - k*w - 3*b. Let x be 4*(-3 + 2)*-4. Calculate the greatest common factor of x and w.
16
Let m = -50 - -134. Suppose -4*g = l - m - 12, 0 = -5*l + 4*g + 576. Calculate the greatest common divisor of 16 and l.
16
Let c be (-20)/6*(-42)/35. Suppose -2*i - c*z = -22 - 70, -3*z = -i + 66. Calculate the highest common divisor of 6 and i.
6
Suppose -18 = -3*m - 3*p, 15 = 2*p + 3*p. Suppose -m*d = -d - 8. Suppose -d*q = -15 - 49. What is the greatest common factor of 112 and q?
16
Suppose -2*g = -g + 2*o - 14, -3*g - 3*o = -27. Suppose -u = g*u - 20. Let y be (-26)/u*-2 + -1. Calculate the greatest common divisor of y and 36.
12
Suppose -4*g + 3*b - 2*b + 502 = 0, g = 4*b + 118. Let y be -2 + 2 + -1 + 15. Let z = y - 0. What is the highest common divisor of g and z?
14
Let b be 45/(-6)*(-36)/5. Let r(v) = 2*v**2 + 5*v - 6. Let c be r(-6). Calculate the highest common factor of b and c.
18
Let m be (171/95)/((-3)/(-20)). Suppose -2*s + 44 = -5*p, 6*s + p - 32 = 3*s. Calculate the greatest common divisor of m and s.
12
Suppose -1953 = -9*g + 2*g. Suppose 4*h - 3*o - o = 276, -4*h + g = -o. Calculate the greatest common divisor of h and 14.
14
Let f(t) = -t**3 - 7*t**2 + 12*t - 5. Let p be f(-9). Calculate the highest common divisor of p and 7.
7
Suppose 0 = 2*f + 10, -2*x + 3*f - 15 = -44. Let m = 228 + -151. What is the highest common factor of x and m?
7
Let s be 1/(1*3/15). Suppose s*v + 5*q = 36 + 14, -3*v + 6 = -3*q. Calculate the highest common divisor of v and 66.
6
Let f(v) = -9*v + 6. Let q(w) = -9*w + 6. Let h(s) = 7*f(s) - 6*q(s). Let y be h(-9). What is the highest common factor of y and 58?
29
Let a(l) = l**3 + 5*l**2 - 5*l - 4. Let q be a(-3). Suppose -p - 2*i + q = 0, -p = -2*i + 3*i - 32. What is the highest common divisor of 14 and p?
7
Let r(w) = w**2 + 5*w - 1. Let g be r(-5). Let s be g/((1 - 0)/(-2)). What is the greatest common divisor of s and 3?
1
Suppose 2*m - 17 = -t + 6, -5*m = 15. Calculate the greatest common divisor of 29 and t.
29
Let s(v) = -2*v + 16. Let l be s(4). What is the highest common factor of l and 12?
4
Suppose -2*a + 2 = -q - 0*q, q - 12 = -5*a. Let g be (5/(-10))/(q/(-4)). Let f be (2/(-4))/(g/(-12)). Calculate the greatest common divisor of f and 2.
2
Suppose -o + 5 = 3. Let l be (-3 - 0/o) + 5. Suppose 2*c = -4*r + 20, -l*c = r + r - 24. What is the greatest common divisor of 56 and c?
14
Suppose 14 = -2*b - 10. Let z = b - -21. What is the highest common factor of z and 45?
9
Suppose 5*j - 76 = 4*b, -2*b = -3*j - b + 40. Let o(c) = 5*c - j*c + 1 - 6*c. Let h be o(-1). Calculate the highest common divisor of h and 154.
14
Suppose 7*u - 2*u = 1850. Calculate the greatest common factor of 37 and u.
37
Suppose 3*u - 6*u + 162 = 0. Suppose 2*j + 5*d - 76 = 0, -2*j - u + 128 = 4*d. Calculate the greatest common factor of 22 and j.
11
Let b = 12 + -11. Calculate the greatest common divisor of 9 and b.
1
Let q be (2 - 1 - -1)*1. Suppose 4*p - q*j - 30 = 0, 3*j - 6 = -2*p + j. What is the highest common factor of 3 and p?
3
Let b = -155 + 275. Calculate the greatest common divisor of b and 15.
15
Let r = -61 + 64. What is the greatest common divisor of r and 15?
3
Let w be (-1 - 4)*-1 + 0. Suppose 0 = w*l - 0 - 50. What is the highest common divisor of l and 110?
10
Let w(q) = -q**3 + 9*q**2 + 4*q - 4. Let k(a) = -2*a - 11. Let v be k(-10). Let l be w(v). What is the greatest common divisor of l and 352?
32
Let k = 26 - 16. What is the highest common factor of 80 and k?
10
Let v = -68 - -117. Suppose 2*d - 9 = 5. What is the highest common factor of d and v?
7
Let p = -24 + 16. Let z be (6/(-8))/(2/p). Suppose 2*i = z*c + 3 + 13, -2*c - 24 = -3*i. What is the greatest common divisor of i and 4?
4
Let f(q) = -20 - 5*q - 6*q + 19. Let y be f(-9). What is the greatest common divisor of 14 and y?
14
Suppose -3*r - 7 = 2. Let l be (-8)/12*r*1. Suppose -48 = -u - 5*g, -4*u + l*g + 46 = -102. What is the greatest common divisor of 57 and u?
19
Let b = 41 - 25. Suppose n + 24 = -3*n. Let c = n - -22. What is the highest common factor of b and c?
16
Let h(a) = -a**2 - 9*a + 2. Let d be h(-7). Suppose -d = s - 5*v, -2*v + 20 = 6*s - 3*s. Calculate the highest common factor of 6 and s.
2
Let k = -62 - -71. What is the greatest common divisor of 45 and k?
9
Suppose -328 = -3*q + 4*v, 2*q + 2*v - 199 = 1. Calculate the highest common factor of q and 8.
8
Let l(b) = 2*b**2 + 6*b + 9. Let k be l(-6). Let r = 6 - k. Let z be 1 + (-1)/(3/r). What is the greatest common divisor of 14 and z?
14
Let p = 10 - -3. Calculate the highest common divisor of 169 and p.
13
Let x = 207 - 54. What is the highest common factor of x and 17?
17
Let m = 43 - 13. Calculate the highest common divisor of 45 and m.
15
Let z be (-394)/(-6) + 1/3. Calculate the highest common divisor of z and 22.
22
Suppose -2*p + 4*z = -126, 2*p + 6*z = 2*z + 86. Let u = 78 - p. Suppose -u = -5*m + 50. Calculate the highest common factor of m and 15.
15
Let r be 16/(-20)*(-2 - -1 - 109). Calculate the highest common divisor of 8 and r.
8
Let y(d) = -21*d + 1. Let q be y(-1). Suppose -2*w - 66 = -5*w. Calculate the highest common divisor of q and w.
22
Let m(q) = q**3 - 5*q**2 - 5*q - 1. Let r be m(6). Suppose a = i + 1 - 0, i - 2*a = -r. What is the greatest common divisor of i and 9?
3
Suppose -h + z + 38 = 0, -78 - 40 = -3*h + 5*z. What is the highest common divisor of h and 48?
12
Suppose -5*r + 2*v = -190 - 20, -r - 4*v + 64 = 0. Calculate the greatest common factor of r and 11.
11
Let m be (-18)/(-81) - 110/9. Let b be ((-44)/(-6))/(m/(-234)). Calculate the highest common factor of 13 and b.
13
Suppose -3*c + 54 - 137 = -5*z, -2*z + 18 = -5*c. What is the greatest common factor of z and 171?
19
Let x(d) be the first derivative of d**4/4 - 10*d**3/3 + 9*d**2/2 + 8*d - 9. Let s be x(9). What is the greatest common factor of s and 72?
8
Suppose 4*p + p = 175. Calculate the greatest common factor of 175 and p.
35
Suppose 0*o - 78 = -o. Suppose -192 = -5*d + o. Suppose -2*z = 3*g - 8*g + 246, -d = -g - 2*z. What is the highest common divisor of g and 10?
10
Let t be (2 - 95)*3/9. Suppose 5*z - 5*y - 615 = 0, -5*z + 4*y + 607 = y. Let v = t + z. What is the highest common factor of v and 11?
11
Suppose -5*u - l = -56, 3*u - 3*l - 40 = -2*l. Let r = 38 - 20. Calculate the greatest common divisor of r and u.
6
Let x be 122/(-3) - 4/(-6). Let z be x/(-4) + -1 + 2. Suppose -5*k + k + 10 = -3*c, 5*k - z = 3*c. Calculate the highest common divisor of k and 11.
1
Suppose 5*t - 24 = 36. Suppose 5 - 1 = -4*l. Let k be (28/(-8))/l*24. Calculate the highest common divisor of t and k.
12
Suppose 5*y - 2*x = 395, -y + 84 = x - 2. What is the highest common divisor of 9 and y?
9
Suppose 5*j + 5*i = 25, 2*i + i + 17 = 5*j. Suppose g = -j*g + 15. What is the greatest common divisor of g and 1?
1
Suppose -30*c = -31*c + 2. Calculate the greatest common factor of c and 6.
2
Suppose 6*a = a + 130. Suppose -2*s + 4*s + 4 = 0. Let n be -13*(s + 1 + -2). What is the highest common divisor of a and n?
13
Suppose 5*n + 5*w + 2045 = -0*w, 0 = -5*w + 15. Let q = n - -621. What is the greatest common factor of 19 and q?
19
Suppose 30 = m + 14*m. What is the greatest common factor of 58 and m?
2
Suppose -4*q = 5*t - 926, -2*t + 5*q + 401 - 57 = 0. Calculate the greatest common divisor of t and 26.
26
Let t be (7 - 3 - 1)/(1/21). Calculate the greatest common divisor of t and 42.
21
Let b(r) = 3*r**2 - r - 1. Let t be b(2). Calculate the greatest common divisor of 3 and t.
3
Let g(q) = 30*q**2. Let z be g(-2). Let f be (-1)/((-1)/16) + -1. Calculate the highest common divisor of f and z.
15
Let g = 192 - 117. Let l(v) = 2*v**2 + 3*v - 5. Let w be l(